{"id":29103,"date":"2026-04-14T14:55:32","date_gmt":"2026-04-14T14:55:32","guid":{"rendered":"https:\/\/musicplaza.store\/?post_type=product&#038;p=29103"},"modified":"2026-04-14T14:55:32","modified_gmt":"2026-04-14T14:55:32","slug":"caminadora-mecanica-todo-en-1","status":"publish","type":"product","link":"https:\/\/musicplaza.store\/?product=caminadora-mecanica-todo-en-1","title":{"rendered":"Caminadora Mec\u00e1nica Todo En 1"},"content":{"rendered":"<p>La m\u00e1quina de ejercicio integral que necesitas en casa es esta caminadora mec\u00e1nica multifuncional con la que podr\u00e1s realizar una gran variedad de ejercicios para fortalecer todo el cuerpo de manera integral.<\/p>\n<p>Cuenta con una banda para trotar, correr o caminar que trabaja de forma mec\u00e1nica y te permite trabajar a tu propia velocidad mientras entrenas a tu ritmo y poniendo tus propias metas monitoreando tu objetivo desde la pantalla digital en la parte frontal de la caminadora.<\/p>\n<p>Incorpora un par de pedales en forma de escalones para realizar ejercicios de escalada, un disco twister giratorio para ejercicios de cintura y un par de barras inferiores para lagartijas con lo que podr\u00e1s fortalecer pecho y espalda.<\/p>\n<p>Mant\u00e9n monitoreados tus logros con la pantalla digital que calcula tus avances en distancia, velocidad y quema de calor\u00edas bas\u00e1ndote en tu recorrido y nivel de pulso que es medido desde los controles a cada extremo del barandal.<br \/>\nEspecificaciones:<br \/>\nMarca: Real Fitness Per\u00fa<\/p>\n<p>Material: Metal<\/p>\n<p>Dimensiones de empaque: 130 x 57.5 x 20.5cm.<\/p>\n","protected":false},"excerpt":{"rendered":"<p>* Maquina todo en uno: caminadora, escaladora, twister y lagartijas.<br \/>\n* Caminadora mec\u00e1nica que no necesita estar conectada para funcionar.<br \/>\n* Monitor digital para monitorear tus avances, calcula distancia, calor\u00edas quemadas y medidor de pulso.<br \/>\n* Dise\u00f1o plegable que te permite guardarlo ahorrando m\u00e1s de un 80% de espacio.<br \/>\n* Angulo de inclinaci\u00f3n ajustable.<\/p>\n","protected":false},"featured_media":29108,"comment_status":"open","ping_status":"closed","template":"","meta":{"_joinchat":[]},"product_brand":[],"product_cat":[78],"product_tag":[],"class_list":{"0":"post-29103","1":"product","2":"type-product","3":"status-publish","4":"has-post-thumbnail","6":"product_cat-trotadoras","8":"first","9":"instock","10":"shipping-taxable","11":"purchasable","12":"product-type-simple"},"_links":{"self":[{"href":"https:\/\/musicplaza.store\/index.php?rest_route=\/wp\/v2\/product\/29103","targetHints":{"allow":["GET"]}}],"collection":[{"href":"https:\/\/musicplaza.store\/index.php?rest_route=\/wp\/v2\/product"}],"about":[{"href":"https:\/\/musicplaza.store\/index.php?rest_route=\/wp\/v2\/types\/product"}],"replies":[{"embeddable":true,"href":"https:\/\/musicplaza.store\/index.php?rest_route=%2Fwp%2Fv2%2Fcomments&post=29103"}],"version-history":[{"count":1,"href":"https:\/\/musicplaza.store\/index.php?rest_route=\/wp\/v2\/product\/29103\/revisions"}],"predecessor-version":[{"id":29109,"href":"https:\/\/musicplaza.store\/index.php?rest_route=\/wp\/v2\/product\/29103\/revisions\/29109"}],"wp:featuredmedia":[{"embeddable":true,"href":"https:\/\/musicplaza.store\/index.php?rest_route=\/wp\/v2\/media\/29108"}],"wp:attachment":[{"href":"https:\/\/musicplaza.store\/index.php?rest_route=%2Fwp%2Fv2%2Fmedia&parent=29103"}],"wp:term":[{"taxonomy":"product_brand","embeddable":true,"href":"https:\/\/musicplaza.store\/index.php?rest_route=%2Fwp%2Fv2%2Fproduct_brand&post=29103"},{"taxonomy":"product_cat","embeddable":true,"href":"https:\/\/musicplaza.store\/index.php?rest_route=%2Fwp%2Fv2%2Fproduct_cat&post=29103"},{"taxonomy":"product_tag","embeddable":true,"href":"https:\/\/musicplaza.store\/index.php?rest_route=%2Fwp%2Fv2%2Fproduct_tag&post=29103"}],"curies":[{"name":"wp","href":"https:\/\/api.w.org\/{rel}","templated":true}]}}